omposite?
False
Let r = -10915 + 26516. Is r a prime number?
True
Let o(f) = -2404*f + 295. Is o(-6) prime?
False
Let y(g) = -2*g - 15. Let i(b) = -5. Let u(f) = -8*i(f) + 3*y(f). Suppose 5*z = z - 24. Is u(z) prime?
True
Suppose -2*b - 18965 = -5*q - 4*b, -18965 = -5*q - 4*b. Is q prime?
True
Let l be (2 - 1) + -3 + 0. Let y be 0 - (-2 - 4/l). Suppose y*p - 124 = -4*p. Is p composite?
False
Is (-5)/3*232446/(-190) prime?
True
Is -1 - ((-18)/6 + -8984) composite?
True
Suppose -53*v + 55*v + 42 = 0. Let f(t) = -t**2 - 39*t - 7. Is f(v) a prime number?
False
Let g = 3 + 1. Suppose -g*r + 5*r = 56. Let u = -33 + r. Is u a prime number?
True
Let w be (-18)/(-27)*753/(-2). Let g = w - -804. Is g a prime number?
False
Suppose 3*h - a - 5785 = 0, 273 = 4*h + 2*a - 7427. Is h a composite number?
True
Let x = 154 + -377. Let g = -24 - x. Is (-2)/(-4)*2*g prime?
True
Suppose 3 = 2*c + 9. Is 541/(0 + 4 + c) composite?
False
Suppose -20639 = -8*k - 8295. Is k a prime number?
True
Let s(q) be the first derivative of -43*q**3/6 - 2*q**2 + 4*q + 1. Let n(l) be the first derivative of s(l). Is n(-6) prime?
False
Let p(d) = 698*d - 166. Is p(10) a composite number?
True
Let m(p) = -4*p - 6. Let i be m(-4). Suppose i*v - 17685 + 6895 = 0. Is v a prime number?
False
Let n be (1 - 3) + (2 - -2). Is (-1841)/(-14) - n/4 a prime number?
True
Let r = -1 + 7. Let y(u) = u**2 + 9963 - u + u - 9962. Is y(r) prime?
True
Suppose -c = 3*q - 6*q - 6, c = -4*q - 1. Suppose p - c*y + 605 = 168, -4*p = 3*y + 1793. Is (-1 + p)*2/(-6) prime?
True
Let h be ((-12)/8 - -1)*2. Let o be h*(-6)/(-4 - -7). Suppose o*m - 1346 = 28. Is m a composite number?
True
Let w(n) = 2*n - 6. Let f be w(14). Let z be f*(15/10)/3. Let s(b) = 3*b - 8. Is s(z) a composite number?
True
Suppose 11*p + 36992 - 132153 = 0. Is p a composite number?
True
Let u be (1903 - -3) + 2*1. Suppose -2*a + 1359 + 534 = -3*i, -2*a + u = 2*i. Suppose 0 = 5*h + 2*s - a, s - 6*s = 10. Is h a composite number?
False
Let d = 511 - 206. Suppose -d = -2*t + 1805. Is t composite?
True
Suppose -h - 12 = 4*k, 0*k - 3 = -3*h + k. Suppose 0 = 2*l + j - 11, 0*l - 2*j - 6 = -3*l. Suppose -l*c - 107 = -5*u, h = 2*u - 0*c + 5*c - 23. Is u composite?
False
Let d(v) = -5*v - 1. Let m be (7 - 5)*2/(-4). Let r be d(m). Suppose i - 412 = -i - 2*w, 639 = 3*i - r*w. Is i a composite number?
True
Let d(g) be the second derivative of -g**5/20 - g**4/4 + g**3/2 - 2*g**2 - 2*g. Let y be d(-4). Suppose -3*v + 255 = -y*v. Is v composite?
True
Let k = 42793 + -16694. Suppose -k = -15*p - 8294. Is p a prime number?
True
Let a(f) = -f**3 + 10*f**2 - 4*f - 6. Let h be a(9). Suppose -2*u + 5*u = -h. Let o = 304 + u. Is o prime?
False
Let d(k) be the first derivative of -26*k**4 - 2*k**3/3 + 5*k**2/2 + 2*k + 6. Is d(-3) a composite number?
False
Let p be (2/4)/(7*(-3)/(-42)). Is p*(-5)/(20/(-1516)) a prime number?
True
Let b = -71 + 67. Let h(p) be the first derivative of -32*p**2 + 3*p - 1. Is h(b) a composite number?
True
Suppose 0*h = 2*h - 6. Let x(s) = -3*s - s - h*s + 6*s + 307. Is x(0) prime?
True
Suppose 4*m + 3*v = 66 + 41, 5*m = -3*v + 130. Suppose m = 3*y - 13. Suppose 0 = 4*s - 5*t - 176, t + 2*t + y = 0. Is s a prime number?
False
Is 24742 - 45/(-10 + 19) a composite number?
True
Suppose -1343 = -37*i + 36*i. Is i composite?
True
Suppose -4*o - 2 = t - 2*t, 2*t = 4*o - 12. Let v(z) = 3*z**2 - 20. Let b be v(t). Suppose r = -125 + b. Is r prime?
True
Let r = 30919 + -13638. Is r a prime number?
False
Let p(q) = -1271*q + 17. Is p(-2) composite?
True
Let f(o) = -11 - 108*o - 368*o + 17*o. Is f(-6) a composite number?
True
Suppose -z + 51470 = 3*c + 2*c, -c = z - 10294. Is c composite?
True
Let r(b) = -2*b**3 - b**2 + 3*b + 2. Let s be r(-2). Suppose 6*m - s = 2*m. Suppose m*o + 42 = 5*o. Is o prime?
False
Let u be (30/(-24))/(1/(-4)). Suppose u*n - 734 = r + 259, -3*r - 989 = -5*n. Is n composite?
False
Let c be -2 + 6 + 6/(-6). Suppose -5*x - 19 = 1891. Is x/(3*(-2)/c) a prime number?
True
Let y = -72 - -7. Is 38/10 + (-13)/y composite?
True
Suppose -3*p - 12 = -3. Let l(n) = -13*n**3 + 3*n**2 - 3*n + 4. Is l(p) a composite number?
True
Let i(a) = -2*a**3 + 27*a**2 - 8*a - 25. Let g be i(13). Is 11216/g*(-5)/(-2) prime?
True
Let o(w) = w**3 - 2*w**2 - 7*w - 2. Let v = -9 - -13. Let t be o(v). Is 629 - (t/(-2) + -3) prime?
False
Suppose n = 12611 - 32147. Is (-6)/(-30) - n/20 composite?
False
Suppose -b + 3*v + 1057 = 0, 6*b - 4*v + 1085 = 7*b. Is b composite?
False
Let a(q) = 18 - 16*q**2 - 548*q + q**3 + 1 + 569*q. Is a(15) composite?
False
Suppose 0 = 3*j + 3*p - 0*p - 177, 0 = j + 4*p - 53. Let u = -64 - -202. Let h = u - j. Is h composite?
True
Suppose 0 = 2*y + 4*q - 8, 6*q - 8 = 4*y + 2*q. Let t = -189 + y. Let z = t + 300. Is z a prime number?
False
Is (8/1 - 7)*58677/3 composite?
False
Let z = 7962 + 1429. Is z a prime number?
True
Let p(w) = 3*w**3 - 8*w**2 + 4*w - 8. Let s(q) = 5*q**3 - 17*q**2 + 9*q - 16. Let j(f) = 9*p(f) - 4*s(f). Is j(5) composite?
True
Let m = 7 - 11. Let h be 18/(-8) - 1/m. Is (-82)/h - (4 + -1) prime?
False
Suppose -3*q = -8*q - 20. Let i(t) = -t**3 - 3*t - 6. Let u be i(q). Suppose -u - 708 = -2*w. Is w a composite number?
False
Suppose 75 = -t - 4*t. Let c = t - -20. Let a(s) = 19*s - 6. Is a(c) prime?
True
Let f = 977 + 406. Suppose -f + 4855 = 4*g - 4*h, -h - 4320 = -5*g. Is g a composite number?
False
Let d = 15 - 9. Is (d/4)/((-48)/(-22112)) a prime number?
True
Suppose 147*a = 146*a - 5, -4*a = 3*c - 17923. Is c a composite number?
False
Suppose 0 = -3*r + 64 + 20. Suppose -i = -5*i + r. Suppose 382 = -5*h + i*h. Is h a prime number?
True
Suppose -3*r - 13501 = -2*c, -20234 = -8*c + 5*c + r. Is c a prime number?
False
Let u = 12 + -10. Suppose 3*b = 4 + u. Suppose 4*l + b*z = 354, 3*z + z + 75 = l. Is l prime?
False
Suppose -4*n - g = -12861, -n - 6*g = -g - 3220. Suppose -5*d + 25 = 0, 4*d + n = 3*p + 2*p. Is p a composite number?
False
Let x(s) = -4*s**3 - 6*s**2 - s + 3. Let z be x(-7). Suppose -h - 5*a + 137 + 124 = 0, -4*h + z = -2*a. Is h a composite number?
False
Let k = 6520 + -4267. Is k a composite number?
True
Is 1075 + ((-3)/(-2))/(93/(-124)) a prime number?
False
Suppose 5*b = 4*g + 25, -5*b = 5*g + 28 - 98. Let h be b/(-27)*(-11 + -1). Is 375/3 + h - 2 composite?
False
Let g be (-806)/(-8) - (-21)/(-28). Let i = g + 639. Is i prime?
True
Suppose 5*h = -2*i - 24, 0 = i - 5*i - h - 12. Let t be i/(((-16)/4)/4). Suppose -3*f + 185 = t*f. Is f prime?
True
Suppose -2*l + 22 = 9*l. Suppose -4*d - q = -3 - 6, 2 = 2*d - 2*q. Is (-1 + d)/(l/154) composite?
True
Let f(s) = -8*s**2. Let a be 2/(-4)*(-8)/4. Let m be f(a). Is (-110)/m + 6/24 a prime number?
False
Let h(p) = -p**3 + 3*p - 2. Let w be h(-3). Suppose -3*v + w = v. Suppose 601 = v*b - 459. Is b prime?
False
Is (-1 - (-3)/4) + (-387790)/(-152) composite?
False
Suppose 0 = 3*d - d + 8, -5*z - d = 29. Let g(n) = -7 + 4*n**2 - 2*n + 3 + 2*n**2 + n**3. Is g(z) a composite number?
False
Let a = -6210 + 10981. Is a a composite number?
True
Is ((-52758)/162)/((-2)/18) a composite number?
True
Suppose -3*x - x = 4. Is (2 - (-2 - x)) + 4 a composite number?
False
Let i = -867 - -1415. Suppose -2*p = -0*p - i. Is p a composite number?
True
Let p = -1859 + 5921. Suppose -p = -6*j - 0*j. Is j composite?
False
Suppose -114*b + 137*b = 410665. Is b a composite number?
True
Suppose 5*d - 3*g - 3 = 4*d, -12 = -4*d + 5*g. Let z(x) = -119*x - 6. Let b be z(-4). Suppose r + b = d*r. Is r prime?
False
Suppose 3*w = 6, w - 57 = -4*h + 9. Let s = 21 - h. Suppose -20 = s*j, 606 = 2*z + j + j. Is z a composite number?
False
Suppose 7*c = c + 32346. Suppose c = -3*l + 12*l. Is l composite?
False
Let u(m) = -2*m + 23. Let q be u(7). Suppose q*v - 1945 = 4*v. Is v prime?
True
Let u(h) be the first derivative of 10*h**3/3 - 3*h**2/2 - 4*h - 13. Is u(3) a prime number?
False
Is (1/2)/(17 + 840954/(-49468)) composite?
True
Suppose 14*z = 17*z - 24. Suppose z*k = 9*k - 251. Is k composite?
False
Let s = -48 + 41. Let d(b) = -63*b + 2. Is d(s) composite?
False
Suppose -b + 6256 = -5*y - 11766, -4*y - 18025 = -b. Is b a composite number?
True
Let s = -24563 - -38062. Is s a composite number?
False
Suppose y + 2*t = -2*t, 3*t = 5*y. Let w be 3 + (y + 0 - 125). Let h